{"id":353,"date":"2014-01-26T16:33:38","date_gmt":"2014-01-26T16:33:38","guid":{"rendered":"http:\/\/envirra.com\/themes\/presso-sample-2\/?page_id=353"},"modified":"2016-12-14T14:37:10","modified_gmt":"2016-12-14T14:37:10","slug":"home-2","status":"publish","type":"page","link":"https:\/\/irp8.org.br\/revistarepublica\/","title":{"rendered":"Home"},"content":{"rendered":"","protected":false},"excerpt":{"rendered":"","protected":false},"author":2,"featured_media":0,"parent":0,"menu_order":0,"comment_status":"open","ping_status":"open","template":"page_composer.php","meta":[],"yoast_head":"<!-- This site is optimized with the Yoast SEO plugin v17.2 - https:\/\/yoast.com\/wordpress\/plugins\/seo\/ -->\n<meta name=\"description\" content=\"Revista Rep\u00fablica \u00e9 uma publica\u00e7\u00e3o voltada \u00e0 dissemina\u00e7\u00e3o de boas pr\u00e1ticas e iniciativas bem-sucedidas em prefeituras e entes p\u00fablicos de todo o Brasil, por meio da divulga\u00e7\u00e3o de cases em administra\u00e7\u00e3o e pol\u00edticas p\u00fablicas exemplares. Revista Rep\u00fablica \u00e9 ferramenta indispens\u00e1vel para gestores que buscam refer\u00eancias de sucesso em \u00e1reas como Sa\u00fade, Seguran\u00e7a, Educa\u00e7\u00e3o, Desenvolvimento Urbano e Econ\u00f4mico, Gest\u00e3o P\u00fablica, entre outras.\" \/>\n<meta name=\"robots\" content=\"index, follow, max-snippet:-1, max-image-preview:large, max-video-preview:-1\" \/>\n<link rel=\"canonical\" href=\"https:\/\/irp8.org.br\/revistarepublica\/\" \/>\n<meta property=\"og:locale\" content=\"pt_BR\" \/>\n<meta property=\"og:type\" content=\"article\" \/>\n<meta property=\"og:title\" content=\"Home - Portal Revista Republica\" \/>\n<meta property=\"og:description\" content=\"Revista Rep\u00fablica \u00e9 uma publica\u00e7\u00e3o voltada \u00e0 dissemina\u00e7\u00e3o de boas pr\u00e1ticas e iniciativas bem-sucedidas em prefeituras e entes p\u00fablicos de todo o Brasil, por meio da divulga\u00e7\u00e3o de cases em administra\u00e7\u00e3o e pol\u00edticas p\u00fablicas exemplares. Revista Rep\u00fablica \u00e9 ferramenta indispens\u00e1vel para gestores que buscam refer\u00eancias de sucesso em \u00e1reas como Sa\u00fade, Seguran\u00e7a, Educa\u00e7\u00e3o, Desenvolvimento Urbano e Econ\u00f4mico, Gest\u00e3o P\u00fablica, entre outras.\" \/>\n<meta property=\"og:url\" content=\"https:\/\/irp8.org.br\/revistarepublica\/\" \/>\n<meta property=\"og:site_name\" content=\"Portal Revista Republica\" \/>\n<meta property=\"article:publisher\" content=\"https:\/\/www.facebook.com\/tvrepublicaerevistarepublica\" \/>\n<meta property=\"article:modified_time\" content=\"2016-12-14T14:37:10+00:00\" \/>\n<meta name=\"twitter:card\" content=\"summary\" \/>\n<meta name=\"twitter:site\" content=\"@TVRevistaRepbl1\" \/>\n<script type=\"application\/ld+json\" class=\"yoast-schema-graph\">{\"@context\":\"https:\/\/schema.org\",\"@graph\":[{\"@type\":\"Organization\",\"@id\":\"https:\/\/irp8.org.br\/revistarepublica\/#organization\",\"name\":\"Revista Rep\\u00fablica\",\"url\":\"https:\/\/irp8.org.br\/revistarepublica\/\",\"sameAs\":[\"https:\/\/www.facebook.com\/tvrepublicaerevistarepublica\",\"https:\/\/www.instagram.com\/tverevistarepublica\/\",\"https:\/\/www.linkedin.com\/in\/tv-e-revista-rep\\u00fablica-01167857\/\",\"https:\/\/www.youtube.com\/channel\/UCLVU-qsW_mLpLTdVGZE-baA?view_as=subscriber\",\"https:\/\/twitter.com\/TVRevistaRepbl1\"],\"logo\":{\"@type\":\"ImageObject\",\"@id\":\"https:\/\/irp8.org.br\/revistarepublica\/#logo\",\"inLanguage\":\"pt-BR\",\"url\":\"https:\/\/irp8.org.br\/revistarepublica\/wp-content\/uploads\/2016\/04\/logo_site-1.png\",\"contentUrl\":\"https:\/\/irp8.org.br\/revistarepublica\/wp-content\/uploads\/2016\/04\/logo_site-1.png\",\"width\":271,\"height\":105,\"caption\":\"Revista Rep\\u00fablica\"},\"image\":{\"@id\":\"https:\/\/irp8.org.br\/revistarepublica\/#logo\"}},{\"@type\":\"WebSite\",\"@id\":\"https:\/\/irp8.org.br\/revistarepublica\/#website\",\"url\":\"https:\/\/irp8.org.br\/revistarepublica\/\",\"name\":\"Portal Revista Republica\",\"description\":\"\",\"publisher\":{\"@id\":\"https:\/\/irp8.org.br\/revistarepublica\/#organization\"},\"potentialAction\":[{\"@type\":\"SearchAction\",\"target\":{\"@type\":\"EntryPoint\",\"urlTemplate\":\"https:\/\/irp8.org.br\/revistarepublica\/?s={search_term_string}\"},\"query-input\":\"required name=search_term_string\"}],\"inLanguage\":\"pt-BR\"},{\"@type\":\"WebPage\",\"@id\":\"https:\/\/irp8.org.br\/revistarepublica\/#webpage\",\"url\":\"https:\/\/irp8.org.br\/revistarepublica\/\",\"name\":\"Home - Portal Revista Republica\",\"isPartOf\":{\"@id\":\"https:\/\/irp8.org.br\/revistarepublica\/#website\"},\"datePublished\":\"2014-01-26T16:33:38+00:00\",\"dateModified\":\"2016-12-14T14:37:10+00:00\",\"description\":\"Revista Rep\\u00fablica \\u00e9 uma publica\\u00e7\\u00e3o voltada \\u00e0 dissemina\\u00e7\\u00e3o de boas pr\\u00e1ticas e iniciativas bem-sucedidas em prefeituras e entes p\\u00fablicos de todo o Brasil, por meio da divulga\\u00e7\\u00e3o de cases em administra\\u00e7\\u00e3o e pol\\u00edticas p\\u00fablicas exemplares. Revista Rep\\u00fablica \\u00e9 ferramenta indispens\\u00e1vel para gestores que buscam refer\\u00eancias de sucesso em \\u00e1reas como Sa\\u00fade, Seguran\\u00e7a, Educa\\u00e7\\u00e3o, Desenvolvimento Urbano e Econ\\u00f4mico, Gest\\u00e3o P\\u00fablica, entre outras.\",\"breadcrumb\":{\"@id\":\"https:\/\/irp8.org.br\/revistarepublica\/#breadcrumb\"},\"inLanguage\":\"pt-BR\",\"potentialAction\":[{\"@type\":\"ReadAction\",\"target\":[\"https:\/\/irp8.org.br\/revistarepublica\/\"]}]},{\"@type\":\"BreadcrumbList\",\"@id\":\"https:\/\/irp8.org.br\/revistarepublica\/#breadcrumb\",\"itemListElement\":[{\"@type\":\"ListItem\",\"position\":1,\"name\":\"In\\u00edcio\",\"item\":\"https:\/\/irp8.org.br\/revistarepublica\/\"},{\"@type\":\"ListItem\",\"position\":2,\"name\":\"Home\"}]}]}<\/script>\n<!-- \/ Yoast SEO plugin. -->","yoast_head_json":{"description":"Revista Rep\u00fablica \u00e9 uma publica\u00e7\u00e3o voltada \u00e0 dissemina\u00e7\u00e3o de boas pr\u00e1ticas e iniciativas bem-sucedidas em prefeituras e entes p\u00fablicos de todo o Brasil, por meio da divulga\u00e7\u00e3o de cases em administra\u00e7\u00e3o e pol\u00edticas p\u00fablicas exemplares. Revista Rep\u00fablica \u00e9 ferramenta indispens\u00e1vel para gestores que buscam refer\u00eancias de sucesso em \u00e1reas como Sa\u00fade, Seguran\u00e7a, Educa\u00e7\u00e3o, Desenvolvimento Urbano e Econ\u00f4mico, Gest\u00e3o P\u00fablica, entre outras.","robots":{"index":"index","follow":"follow","max-snippet":"max-snippet:-1","max-image-preview":"max-image-preview:large","max-video-preview":"max-video-preview:-1"},"canonical":"https:\/\/irp8.org.br\/revistarepublica\/","og_locale":"pt_BR","og_type":"article","og_title":"Home - Portal Revista Republica","og_description":"Revista Rep\u00fablica \u00e9 uma publica\u00e7\u00e3o voltada \u00e0 dissemina\u00e7\u00e3o de boas pr\u00e1ticas e iniciativas bem-sucedidas em prefeituras e entes p\u00fablicos de todo o Brasil, por meio da divulga\u00e7\u00e3o de cases em administra\u00e7\u00e3o e pol\u00edticas p\u00fablicas exemplares. Revista Rep\u00fablica \u00e9 ferramenta indispens\u00e1vel para gestores que buscam refer\u00eancias de sucesso em \u00e1reas como Sa\u00fade, Seguran\u00e7a, Educa\u00e7\u00e3o, Desenvolvimento Urbano e Econ\u00f4mico, Gest\u00e3o P\u00fablica, entre outras.","og_url":"https:\/\/irp8.org.br\/revistarepublica\/","og_site_name":"Portal Revista Republica","article_publisher":"https:\/\/www.facebook.com\/tvrepublicaerevistarepublica","article_modified_time":"2016-12-14T14:37:10+00:00","twitter_card":"summary","twitter_site":"@TVRevistaRepbl1","schema":{"@context":"https:\/\/schema.org","@graph":[{"@type":"Organization","@id":"https:\/\/irp8.org.br\/revistarepublica\/#organization","name":"Revista Rep\u00fablica","url":"https:\/\/irp8.org.br\/revistarepublica\/","sameAs":["https:\/\/www.facebook.com\/tvrepublicaerevistarepublica","https:\/\/www.instagram.com\/tverevistarepublica\/","https:\/\/www.linkedin.com\/in\/tv-e-revista-rep\u00fablica-01167857\/","https:\/\/www.youtube.com\/channel\/UCLVU-qsW_mLpLTdVGZE-baA?view_as=subscriber","https:\/\/twitter.com\/TVRevistaRepbl1"],"logo":{"@type":"ImageObject","@id":"https:\/\/irp8.org.br\/revistarepublica\/#logo","inLanguage":"pt-BR","url":"https:\/\/irp8.org.br\/revistarepublica\/wp-content\/uploads\/2016\/04\/logo_site-1.png","contentUrl":"https:\/\/irp8.org.br\/revistarepublica\/wp-content\/uploads\/2016\/04\/logo_site-1.png","width":271,"height":105,"caption":"Revista Rep\u00fablica"},"image":{"@id":"https:\/\/irp8.org.br\/revistarepublica\/#logo"}},{"@type":"WebSite","@id":"https:\/\/irp8.org.br\/revistarepublica\/#website","url":"https:\/\/irp8.org.br\/revistarepublica\/","name":"Portal Revista Republica","description":"","publisher":{"@id":"https:\/\/irp8.org.br\/revistarepublica\/#organization"},"potentialAction":[{"@type":"SearchAction","target":{"@type":"EntryPoint","urlTemplate":"https:\/\/irp8.org.br\/revistarepublica\/?s={search_term_string}"},"query-input":"required name=search_term_string"}],"inLanguage":"pt-BR"},{"@type":"WebPage","@id":"https:\/\/irp8.org.br\/revistarepublica\/#webpage","url":"https:\/\/irp8.org.br\/revistarepublica\/","name":"Home - Portal Revista Republica","isPartOf":{"@id":"https:\/\/irp8.org.br\/revistarepublica\/#website"},"datePublished":"2014-01-26T16:33:38+00:00","dateModified":"2016-12-14T14:37:10+00:00","description":"Revista Rep\u00fablica \u00e9 uma publica\u00e7\u00e3o voltada \u00e0 dissemina\u00e7\u00e3o de boas pr\u00e1ticas e iniciativas bem-sucedidas em prefeituras e entes p\u00fablicos de todo o Brasil, por meio da divulga\u00e7\u00e3o de cases em administra\u00e7\u00e3o e pol\u00edticas p\u00fablicas exemplares. Revista Rep\u00fablica \u00e9 ferramenta indispens\u00e1vel para gestores que buscam refer\u00eancias de sucesso em \u00e1reas como Sa\u00fade, Seguran\u00e7a, Educa\u00e7\u00e3o, Desenvolvimento Urbano e Econ\u00f4mico, Gest\u00e3o P\u00fablica, entre outras.","breadcrumb":{"@id":"https:\/\/irp8.org.br\/revistarepublica\/#breadcrumb"},"inLanguage":"pt-BR","potentialAction":[{"@type":"ReadAction","target":["https:\/\/irp8.org.br\/revistarepublica\/"]}]},{"@type":"BreadcrumbList","@id":"https:\/\/irp8.org.br\/revistarepublica\/#breadcrumb","itemListElement":[{"@type":"ListItem","position":1,"name":"In\u00edcio","item":"https:\/\/irp8.org.br\/revistarepublica\/"},{"@type":"ListItem","position":2,"name":"Home"}]}]}},"_links":{"self":[{"href":"https:\/\/irp8.org.br\/revistarepublica\/wp-json\/wp\/v2\/pages\/353"}],"collection":[{"href":"https:\/\/irp8.org.br\/revistarepublica\/wp-json\/wp\/v2\/pages"}],"about":[{"href":"https:\/\/irp8.org.br\/revistarepublica\/wp-json\/wp\/v2\/types\/page"}],"author":[{"embeddable":true,"href":"https:\/\/irp8.org.br\/revistarepublica\/wp-json\/wp\/v2\/users\/2"}],"replies":[{"embeddable":true,"href":"https:\/\/irp8.org.br\/revistarepublica\/wp-json\/wp\/v2\/comments?post=353"}],"version-history":[{"count":2,"href":"https:\/\/irp8.org.br\/revistarepublica\/wp-json\/wp\/v2\/pages\/353\/revisions"}],"predecessor-version":[{"id":1515,"href":"https:\/\/irp8.org.br\/revistarepublica\/wp-json\/wp\/v2\/pages\/353\/revisions\/1515"}],"wp:attachment":[{"href":"https:\/\/irp8.org.br\/revistarepublica\/wp-json\/wp\/v2\/media?parent=353"}],"curies":[{"name":"wp","href":"https:\/\/api.w.org\/{rel}","templated":true}]}}