{"id":619,"date":"2016-03-29T21:37:02","date_gmt":"2016-03-29T21:37:02","guid":{"rendered":"http:\/\/irp8.org.br\/revistarepublica\/?page_id=619"},"modified":"2020-05-27T15:48:52","modified_gmt":"2020-05-27T15:48:52","slug":"edicoes-anteriores","status":"publish","type":"page","link":"https:\/\/irp8.org.br\/revistarepublica\/edicoes-anteriores\/","title":{"rendered":"Edi\u00e7\u00f5es Anteriores"},"content":{"rendered":"<h4 style=\"text-align: center;\"><span style=\"color: #333333;\">\u00a0\u00a0Clique na edi\u00e7\u00e3o\u00a0para visualizar a revista\u00a0<\/span><\/h4>\n<h6 style=\"text-align: center;\"><span style=\"color: #999999;\">\u00a0Caso n\u00e3o consiga visualizar, utilize<span style=\"color: #3366ff;\">\u00a0<\/span>o Adobe PDF Reader. <span style=\"color: #3366ff;\"><a style=\"color: #3366ff;\" href=\"https:\/\/get.adobe.com\/br\/reader\/\" target=\"_blank\" rel=\"noopener noreferrer\">Baixe gr\u00e1tis<\/a><\/span><\/span><a href=\"https:\/\/get.adobe.com\/br\/reader\/\" target=\"_blank\" rel=\"noopener noreferrer\"><img loading=\"lazy\" class=\" wp-image-1347 alignnone\" src=\"http:\/\/irp8.org.br\/revistarepublica\/wp-content\/uploads\/2016\/03\/pdf.png\" alt=\"pdf\" width=\"20\" height=\"18\" \/><\/a><\/h6>\n<table style=\"height: 2184px; border-color: #fafafa; margin-left: auto; margin-right: auto; background-color: #fafafa;\" border=\"0\" width=\"650\" cellspacing=\"0\" cellpadding=\"0\">\n<tbody>\n<tr>\n<td><a title=\"Edi\u00e7\u00e3o 25 - Mar\u00e7o - 2016\" href=\"http:\/\/irp8.org.br\/revistarepublica\/revistas\/ed25-marco-2016.pdf\" target=\"_blank\" rel=\"noopener noreferrer\"><img loading=\"lazy\" class=\"\" src=\"http:\/\/irp8.org.br\/revistarepublica\/capas\/25.png\" alt=\"Edi\u00e7\u00e3o 25 - Mar\u00e7o 2016\" width=\"154\" height=\"210\" \/><\/a><\/td>\n<td><\/td>\n<td><a title=\"Edi\u00e7\u00e3o 24 - Fevereiro - 2016\" href=\"http:\/\/irp8.org.br\/revistarepublica\/revistas\/ed24-fevereiro-2016.pdf\" target=\"_blank\" rel=\"noopener noreferrer\"><img loading=\"lazy\" class=\"\" src=\"http:\/\/irp8.org.br\/revistarepublica\/capas\/24.png\" alt=\"\" width=\"155\" height=\"208\" \/><\/a><\/td>\n<td><\/td>\n<td><a title=\"Edi\u00e7\u00e3o 23 - Janeiro - 2016\" href=\"http:\/\/irp8.org.br\/revistarepublica\/revistas\/ed23-janeiro-2016.pdf\" target=\"_blank\" rel=\"noopener noreferrer\"><img loading=\"lazy\" src=\"http:\/\/irp8.org.br\/revistarepublica\/capas\/23.png\" alt=\"\" width=\"148\" height=\"207\" \/><\/a><\/td>\n<\/tr>\n<tr style=\"border-color: #FAFAFA; background-color: #fafafa;\">\n<td style=\"text-align: left;\">\u00a0<strong>Edi\u00e7\u00e3o 25<\/strong><\/td>\n<td><\/td>\n<td><strong>\u00a0Edi\u00e7\u00e3o 24<\/strong><\/td>\n<td><\/td>\n<td>\u00a0<strong>Edi\u00e7\u00e3o 23<\/strong><\/td>\n<\/tr>\n<tr style=\"border-color: #FAFAFA; background-color: #fafafa;\">\n<td><\/td>\n<td><\/td>\n<td><\/td>\n<td><\/td>\n<td><\/td>\n<\/tr>\n<tr style=\"border-color: #FAFAFA; background-color: #fafafa;\">\n<td>\u00a0<a title=\"Edi\u00e7\u00e3o 22 - Dezembro - 2015\" href=\"http:\/\/irp8.org.br\/revistarepublica\/revistas\/ed22-dezembro-2015.pdf\" target=\"_blank\" rel=\"noopener noreferrer\"><img loading=\"lazy\" class=\"\" src=\"http:\/\/irp8.org.br\/revistarepublica\/capas\/22.png\" alt=\"Edi\u00e7\u00e3o 22\" width=\"158\" height=\"204\" \/><\/a><\/td>\n<td><\/td>\n<td>\u00a0<a title=\"Edi\u00e7\u00e3o 21 - Setembro - 2015\" href=\"http:\/\/irp8.org.br\/revistarepublica\/revistas\/ed21-setembro-2015.pdf\" target=\"_blank\" rel=\"noopener noreferrer\"><img loading=\"lazy\" class=\"\" src=\"http:\/\/irp8.org.br\/revistarepublica\/capas\/21.png\" alt=\"Edi\u00e7\u00e3o 21\" width=\"159\" height=\"212\" \/><\/a><\/td>\n<td><\/td>\n<td>\u00a0<img loading=\"lazy\" src=\"http:\/\/irp8.org.br\/revistarepublica\/capas\/20.png\" alt=\"Edi\u00e7\u00e3o 20\" width=\"152\" height=\"212\" \/><\/td>\n<\/tr>\n<tr style=\"border-color: #FAFAFA; background-color: #fafafa;\">\n<td>\u00a0<strong>Edi\u00e7\u00e3o 22<\/strong><\/td>\n<td><\/td>\n<td><strong>\u00a0Edi\u00e7\u00e3o 21<\/strong><\/td>\n<td><\/td>\n<td>\u00a0<strong>Edi\u00e7\u00e3o 20<\/strong><\/td>\n<\/tr>\n<tr style=\"border-color: #FAFAFA; background-color: #fafafa;\">\n<td><\/td>\n<td><\/td>\n<td><\/td>\n<td><\/td>\n<td><\/td>\n<\/tr>\n<tr style=\"border-color: #FAFAFA; background-color: #fafafa;\">\n<td>\u00a0<img loading=\"lazy\" src=\"http:\/\/irp8.org.br\/revistarepublica\/capas\/19.png\" alt=\"\" width=\"154\" height=\"211\" \/><\/td>\n<td><\/td>\n<td>\u00a0<img loading=\"lazy\" class=\"\" src=\"http:\/\/irp8.org.br\/revistarepublica\/capas\/18.png\" alt=\"\" width=\"155\" height=\"210\" \/><\/td>\n<td><\/td>\n<td>\u00a0<img loading=\"lazy\" src=\"http:\/\/irp8.org.br\/revistarepublica\/capas\/17.png\" alt=\"\" width=\"160\" height=\"211\" \/><\/td>\n<\/tr>\n<tr style=\"border-color: #FAFAFA; background-color: #fafafa;\">\n<td>\u00a0<strong>Edi\u00e7\u00e3o 19<\/strong><\/td>\n<td><\/td>\n<td><strong>\u00a0Edi\u00e7\u00e3o 18<\/strong><\/td>\n<td><\/td>\n<td><strong>\u00a0Edi\u00e7\u00e3o 17<\/strong><\/td>\n<\/tr>\n<tr style=\"border-color: #FAFAFA; background-color: #fafafa;\">\n<td><\/td>\n<td><\/td>\n<td><\/td>\n<td><\/td>\n<td><\/td>\n<\/tr>\n<tr style=\"border-color: #FAFAFA; background-color: #fafafa;\">\n<td>\u00a0<a title=\"Edi\u00e7\u00e3o 16 - Outubro - Novembro - 2014\" href=\"http:\/\/irp8.org.br\/revistarepublica\/revistas\/ed16_outubro_novembro_2014.pdf\" target=\"_blank\" rel=\"noopener noreferrer\"><img loading=\"lazy\" src=\"http:\/\/irp8.org.br\/revistarepublica\/capas\/16.png\" alt=\"\" width=\"152\" height=\"211\" \/><\/a><\/td>\n<td><\/td>\n<td>\u00a0<img loading=\"lazy\" class=\"\" src=\"http:\/\/irp8.org.br\/revistarepublica\/capas\/15.png\" alt=\"\" width=\"160\" height=\"213\" \/><\/td>\n<td><\/td>\n<td>\u00a0<a title=\"Edi\u00e7\u00e3o 14 - Junho - Julho - 2014\" href=\"http:\/\/irp8.org.br\/revistarepublica\/revistas\/ed14_junho_julho_2014.pdf\" target=\"_blank\" rel=\"noopener noreferrer\"><img loading=\"lazy\" class=\"\" src=\"http:\/\/irp8.org.br\/revistarepublica\/capas\/14.png\" alt=\"\" width=\"154\" height=\"215\" \/><\/a><\/td>\n<\/tr>\n<tr style=\"border-color: #FAFAFA; background-color: #fafafa;\">\n<td><strong>\u00a0Edi\u00e7\u00e3o 16<\/strong><\/td>\n<td><\/td>\n<td><strong>\u00a0Edi\u00e7\u00e3o 15<\/strong><\/td>\n<td><\/td>\n<td>\u00a0<strong>Edi\u00e7\u00e3o 14<\/strong><\/td>\n<\/tr>\n<tr style=\"border-color: #FAFAFA; background-color: #fafafa;\">\n<td><\/td>\n<td><\/td>\n<td><\/td>\n<td><\/td>\n<td><\/td>\n<\/tr>\n<tr style=\"border-color: #FAFAFA; background-color: #fafafa;\">\n<td>\u00a0<img loading=\"lazy\" src=\"http:\/\/irp8.org.br\/revistarepublica\/capas\/13.png\" alt=\"\" width=\"152\" height=\"211\" \/><\/td>\n<td><\/td>\n<td>\u00a0<img loading=\"lazy\" class=\"\" src=\"http:\/\/irp8.org.br\/revistarepublica\/capas\/12.png\" alt=\"\" width=\"158\" height=\"211\" \/><\/td>\n<td><\/td>\n<td>\u00a0<img loading=\"lazy\" src=\"http:\/\/irp8.org.br\/revistarepublica\/capas\/11.png\" alt=\"\" width=\"156\" height=\"206\" \/><\/td>\n<\/tr>\n<tr style=\"border-color: #FAFAFA; background-color: #fafafa;\">\n<td><strong>\u00a0Edi\u00e7\u00e3o 13<\/strong><\/td>\n<td><\/td>\n<td>\u00a0<strong>Edi\u00e7\u00e3o 12<\/strong><\/td>\n<td><\/td>\n<td>\u00a0<strong>Edi\u00e7\u00e3o 11<\/strong><\/td>\n<\/tr>\n<tr style=\"border-color: #FAFAFA; background-color: #fafafa;\">\n<td><\/td>\n<td><\/td>\n<td><\/td>\n<td><\/td>\n<td><\/td>\n<\/tr>\n<tr style=\"border-color: #FAFAFA; background-color: #fafafa;\">\n<td>\u00a0<img loading=\"lazy\" src=\"http:\/\/irp8.org.br\/revistarepublica\/capas\/10.png\" alt=\"\" width=\"153\" height=\"208\" \/><\/td>\n<td><\/td>\n<td>\u00a0<img loading=\"lazy\" class=\"\" src=\"http:\/\/irp8.org.br\/revistarepublica\/capas\/9.png\" alt=\"\" width=\"154\" height=\"212\" \/><\/td>\n<td><\/td>\n<td>\u00a0<img loading=\"lazy\" class=\"\" src=\"http:\/\/irp8.org.br\/revistarepublica\/capas\/8.png\" alt=\"\" width=\"154\" height=\"206\" \/><\/td>\n<\/tr>\n<tr style=\"border-color: #FAFAFA; background-color: #fafafa;\">\n<td>\u00a0<strong>Edi\u00e7\u00e3o 10<\/strong><\/td>\n<td><strong>\u00a0<\/strong><\/td>\n<td><strong>\u00a0Edi\u00e7\u00e3o 09<\/strong><\/td>\n<td><\/td>\n<td>\u00a0<strong>Edi\u00e7\u00e3o 08<\/strong><\/td>\n<\/tr>\n<tr style=\"border-color: #FAFAFA; background-color: #fafafa;\">\n<td><\/td>\n<td><\/td>\n<td><\/td>\n<td><\/td>\n<td><\/td>\n<\/tr>\n<tr style=\"border-color: #FAFAFA; background-color: #fafafa;\">\n<td><a title=\"Edi\u00e7\u00e3o 07\" href=\"http:\/\/irp8.org.br\/revistarepublica\/revistas\/ed07.pdf\" target=\"_blank\" rel=\"noopener noreferrer\">\u00a0<img loading=\"lazy\" src=\"http:\/\/irp8.org.br\/revistarepublica\/capas\/7.png\" alt=\"\" width=\"156\" height=\"210\" \/><\/a><\/td>\n<td><\/td>\n<td>\u00a0<img loading=\"lazy\" class=\"\" src=\"http:\/\/irp8.org.br\/revistarepublica\/capas\/6.png\" alt=\"\" width=\"152\" height=\"208\" \/><\/td>\n<td><\/td>\n<td><a title=\"Edi\u00e7\u00e3o 05\" href=\"http:\/\/irp8.org.br\/revistarepublica\/revistas\/ed05.pdf\" target=\"_blank\" rel=\"noopener noreferrer\">\u00a0<img loading=\"lazy\" src=\"http:\/\/irp8.org.br\/revistarepublica\/capas\/5.png\" alt=\"\" width=\"154\" height=\"210\" \/><\/a><\/td>\n<\/tr>\n<tr style=\"border-color: #FAFAFA; background-color: #fafafa;\">\n<td>\u00a0<strong>Edi\u00e7\u00e3o 07<\/strong><\/td>\n<td><strong>\u00a0<\/strong><\/td>\n<td><strong>\u00a0Edi\u00e7\u00e3o 06<\/strong><\/td>\n<td><\/td>\n<td>\u00a0<strong>Edi\u00e7\u00e3o 05<\/strong><\/td>\n<\/tr>\n<tr style=\"border-color: #FAFAFA; background-color: #fafafa;\">\n<td><\/td>\n<td><\/td>\n<td><\/td>\n<td><\/td>\n<td><\/td>\n<\/tr>\n<tr style=\"border-color: #FAFAFA; background-color: #fafafa;\">\n<td>\u00a0<a title=\"Edi\u00e7\u00e3o 04\" href=\"http:\/\/irp8.org.br\/revistarepublica\/revistas\/ed04.pdf\" target=\"_blank\" rel=\"noopener noreferrer\"><img loading=\"lazy\" src=\"http:\/\/irp8.org.br\/revistarepublica\/capas\/4.png\" alt=\"\" width=\"149\" height=\"207\" \/><\/a><\/td>\n<td><\/td>\n<td>\u00a0<a title=\"Edi\u00e7\u00e3o 03\" href=\"http:\/\/irp8.org.br\/revistarepublica\/revistas\/ed03.pdf\" target=\"_blank\" rel=\"noopener noreferrer\"><img loading=\"lazy\" class=\"\" src=\"http:\/\/irp8.org.br\/revistarepublica\/capas\/3.png\" alt=\"\" width=\"153\" height=\"210\" \/><\/a><\/td>\n<td><\/td>\n<td>\u00a0<img loading=\"lazy\" src=\"http:\/\/irp8.org.br\/revistarepublica\/capas\/2.png\" alt=\"\" width=\"155\" height=\"208\" \/><\/td>\n<\/tr>\n<tr style=\"border-color: #FAFAFA; background-color: #fafafa;\">\n<td><strong>\u00a0Edi\u00e7\u00e3o 04<\/strong><\/td>\n<td><\/td>\n<td><strong>\u00a0Edi\u00e7\u00e3o 03<\/strong><\/td>\n<td><\/td>\n<td>\u00a0<strong>Edi\u00e7\u00e3o 02<\/strong><\/td>\n<\/tr>\n<tr style=\"border-color: #FAFAFA; background-color: #fafafa;\">\n<td><\/td>\n<td><\/td>\n<td><\/td>\n<td><\/td>\n<td><\/td>\n<\/tr>\n<tr style=\"border-color: #FAFAFA; background-color: #fafafa;\">\n<td>\u00a0<a title=\"Edi\u00e7\u00e3o 01\" href=\"http:\/\/irp8.org.br\/revistarepublica\/revistas\/ed01.pdf\" target=\"_blank\" rel=\"noopener noreferrer\"><img loading=\"lazy\" src=\"http:\/\/irp8.org.br\/revistarepublica\/capas\/1.png\" alt=\"\" width=\"153\" height=\"209\" \/><\/a><\/td>\n<td><\/td>\n<td>\u00a0<a title=\"Edi\u00e7\u00e3o 00\" href=\"#\" target=\"_blank\" rel=\"noopener noreferrer\"><img loading=\"lazy\" src=\"http:\/\/irp8.org.br\/revistarepublica\/capas\/0.png\" alt=\"\" width=\"160\" height=\"211\" \/><\/a><\/td>\n<td><\/td>\n<td><\/td>\n<\/tr>\n<tr style=\"border-color: #FAFAFA; background-color: #fafafa;\">\n<td><strong>Edi\u00e7\u00e3o 01<\/strong><\/td>\n<td><\/td>\n<td><strong>Edi\u00e7\u00e3o 00<\/strong><\/td>\n<td><\/td>\n<td><\/td>\n<\/tr>\n<\/tbody>\n<\/table>\n","protected":false},"excerpt":{"rendered":"<p>\u00a0\u00a0Clique na edi\u00e7\u00e3o\u00a0para visualizar a revista\u00a0 \u00a0Caso n\u00e3o consiga visualizar, utilize\u00a0o Adobe PDF Reader. Baixe gr\u00e1tis \u00a0Edi\u00e7\u00e3o 25 \u00a0Edi\u00e7\u00e3o 24 \u00a0Edi\u00e7\u00e3o 23 \u00a0 \u00a0 \u00a0 &#8230;<\/p>\n","protected":false},"author":1,"featured_media":0,"parent":0,"menu_order":0,"comment_status":"closed","ping_status":"closed","template":"","meta":[],"yoast_head":"<!-- This site is optimized with the Yoast SEO plugin v17.2 - https:\/\/yoast.com\/wordpress\/plugins\/seo\/ -->\n<meta name=\"robots\" content=\"index, follow, max-snippet:-1, max-image-preview:large, max-video-preview:-1\" \/>\n<link rel=\"canonical\" href=\"https:\/\/irp8.org.br\/revistarepublica\/edicoes-anteriores\/\" \/>\n<meta property=\"og:locale\" content=\"pt_BR\" \/>\n<meta property=\"og:type\" content=\"article\" \/>\n<meta property=\"og:title\" content=\"Edi\u00e7\u00f5es Anteriores - Portal Revista Republica\" \/>\n<meta property=\"og:description\" content=\"\u00a0\u00a0Clique na edi\u00e7\u00e3o\u00a0para visualizar a revista\u00a0 \u00a0Caso n\u00e3o consiga visualizar, utilize\u00a0o Adobe PDF Reader. Baixe gr\u00e1tis \u00a0Edi\u00e7\u00e3o 25 \u00a0Edi\u00e7\u00e3o 24 \u00a0Edi\u00e7\u00e3o 23 \u00a0 \u00a0 \u00a0 ...\" \/>\n<meta property=\"og:url\" content=\"https:\/\/irp8.org.br\/revistarepublica\/edicoes-anteriores\/\" \/>\n<meta property=\"og:site_name\" content=\"Portal Revista Republica\" \/>\n<meta property=\"article:publisher\" content=\"https:\/\/www.facebook.com\/tvrepublicaerevistarepublica\" \/>\n<meta property=\"article:modified_time\" content=\"2020-05-27T15:48:52+00:00\" \/>\n<meta property=\"og:image\" content=\"http:\/\/irp8.org.br\/revistarepublica\/wp-content\/uploads\/2016\/03\/pdf.png\" \/>\n<meta name=\"twitter:card\" content=\"summary\" \/>\n<meta name=\"twitter:site\" content=\"@TVRevistaRepbl1\" \/>\n<script type=\"application\/ld+json\" class=\"yoast-schema-graph\">{\"@context\":\"https:\/\/schema.org\",\"@graph\":[{\"@type\":\"Organization\",\"@id\":\"https:\/\/irp8.org.br\/revistarepublica\/#organization\",\"name\":\"Revista Rep\\u00fablica\",\"url\":\"https:\/\/irp8.org.br\/revistarepublica\/\",\"sameAs\":[\"https:\/\/www.facebook.com\/tvrepublicaerevistarepublica\",\"https:\/\/www.instagram.com\/tverevistarepublica\/\",\"https:\/\/www.linkedin.com\/in\/tv-e-revista-rep\\u00fablica-01167857\/\",\"https:\/\/www.youtube.com\/channel\/UCLVU-qsW_mLpLTdVGZE-baA?view_as=subscriber\",\"https:\/\/twitter.com\/TVRevistaRepbl1\"],\"logo\":{\"@type\":\"ImageObject\",\"@id\":\"https:\/\/irp8.org.br\/revistarepublica\/#logo\",\"inLanguage\":\"pt-BR\",\"url\":\"https:\/\/irp8.org.br\/revistarepublica\/wp-content\/uploads\/2016\/04\/logo_site-1.png\",\"contentUrl\":\"https:\/\/irp8.org.br\/revistarepublica\/wp-content\/uploads\/2016\/04\/logo_site-1.png\",\"width\":271,\"height\":105,\"caption\":\"Revista Rep\\u00fablica\"},\"image\":{\"@id\":\"https:\/\/irp8.org.br\/revistarepublica\/#logo\"}},{\"@type\":\"WebSite\",\"@id\":\"https:\/\/irp8.org.br\/revistarepublica\/#website\",\"url\":\"https:\/\/irp8.org.br\/revistarepublica\/\",\"name\":\"Portal Revista Republica\",\"description\":\"\",\"publisher\":{\"@id\":\"https:\/\/irp8.org.br\/revistarepublica\/#organization\"},\"potentialAction\":[{\"@type\":\"SearchAction\",\"target\":{\"@type\":\"EntryPoint\",\"urlTemplate\":\"https:\/\/irp8.org.br\/revistarepublica\/?s={search_term_string}\"},\"query-input\":\"required name=search_term_string\"}],\"inLanguage\":\"pt-BR\"},{\"@type\":\"ImageObject\",\"@id\":\"https:\/\/irp8.org.br\/revistarepublica\/edicoes-anteriores\/#primaryimage\",\"inLanguage\":\"pt-BR\",\"url\":\"http:\/\/irp8.org.br\/revistarepublica\/wp-content\/uploads\/2016\/03\/pdf.png\",\"contentUrl\":\"http:\/\/irp8.org.br\/revistarepublica\/wp-content\/uploads\/2016\/03\/pdf.png\"},{\"@type\":\"WebPage\",\"@id\":\"https:\/\/irp8.org.br\/revistarepublica\/edicoes-anteriores\/#webpage\",\"url\":\"https:\/\/irp8.org.br\/revistarepublica\/edicoes-anteriores\/\",\"name\":\"Edi\\u00e7\\u00f5es Anteriores - Portal Revista Republica\",\"isPartOf\":{\"@id\":\"https:\/\/irp8.org.br\/revistarepublica\/#website\"},\"primaryImageOfPage\":{\"@id\":\"https:\/\/irp8.org.br\/revistarepublica\/edicoes-anteriores\/#primaryimage\"},\"datePublished\":\"2016-03-29T21:37:02+00:00\",\"dateModified\":\"2020-05-27T15:48:52+00:00\",\"breadcrumb\":{\"@id\":\"https:\/\/irp8.org.br\/revistarepublica\/edicoes-anteriores\/#breadcrumb\"},\"inLanguage\":\"pt-BR\",\"potentialAction\":[{\"@type\":\"ReadAction\",\"target\":[\"https:\/\/irp8.org.br\/revistarepublica\/edicoes-anteriores\/\"]}]},{\"@type\":\"BreadcrumbList\",\"@id\":\"https:\/\/irp8.org.br\/revistarepublica\/edicoes-anteriores\/#breadcrumb\",\"itemListElement\":[{\"@type\":\"ListItem\",\"position\":1,\"name\":\"In\\u00edcio\",\"item\":\"https:\/\/irp8.org.br\/revistarepublica\/\"},{\"@type\":\"ListItem\",\"position\":2,\"name\":\"Edi\\u00e7\\u00f5es Anteriores\"}]}]}<\/script>\n<!-- \/ Yoast SEO plugin. -->","yoast_head_json":{"robots":{"index":"index","follow":"follow","max-snippet":"max-snippet:-1","max-image-preview":"max-image-preview:large","max-video-preview":"max-video-preview:-1"},"canonical":"https:\/\/irp8.org.br\/revistarepublica\/edicoes-anteriores\/","og_locale":"pt_BR","og_type":"article","og_title":"Edi\u00e7\u00f5es Anteriores - Portal Revista Republica","og_description":"\u00a0\u00a0Clique na edi\u00e7\u00e3o\u00a0para visualizar a revista\u00a0 \u00a0Caso n\u00e3o consiga visualizar, utilize\u00a0o Adobe PDF Reader. Baixe gr\u00e1tis \u00a0Edi\u00e7\u00e3o 25 \u00a0Edi\u00e7\u00e3o 24 \u00a0Edi\u00e7\u00e3o 23 \u00a0 \u00a0 \u00a0 ...","og_url":"https:\/\/irp8.org.br\/revistarepublica\/edicoes-anteriores\/","og_site_name":"Portal Revista Republica","article_publisher":"https:\/\/www.facebook.com\/tvrepublicaerevistarepublica","article_modified_time":"2020-05-27T15:48:52+00:00","og_image":[{"url":"http:\/\/irp8.org.br\/revistarepublica\/wp-content\/uploads\/2016\/03\/pdf.png"}],"twitter_card":"summary","twitter_site":"@TVRevistaRepbl1","schema":{"@context":"https:\/\/schema.org","@graph":[{"@type":"Organization","@id":"https:\/\/irp8.org.br\/revistarepublica\/#organization","name":"Revista Rep\u00fablica","url":"https:\/\/irp8.org.br\/revistarepublica\/","sameAs":["https:\/\/www.facebook.com\/tvrepublicaerevistarepublica","https:\/\/www.instagram.com\/tverevistarepublica\/","https:\/\/www.linkedin.com\/in\/tv-e-revista-rep\u00fablica-01167857\/","https:\/\/www.youtube.com\/channel\/UCLVU-qsW_mLpLTdVGZE-baA?view_as=subscriber","https:\/\/twitter.com\/TVRevistaRepbl1"],"logo":{"@type":"ImageObject","@id":"https:\/\/irp8.org.br\/revistarepublica\/#logo","inLanguage":"pt-BR","url":"https:\/\/irp8.org.br\/revistarepublica\/wp-content\/uploads\/2016\/04\/logo_site-1.png","contentUrl":"https:\/\/irp8.org.br\/revistarepublica\/wp-content\/uploads\/2016\/04\/logo_site-1.png","width":271,"height":105,"caption":"Revista Rep\u00fablica"},"image":{"@id":"https:\/\/irp8.org.br\/revistarepublica\/#logo"}},{"@type":"WebSite","@id":"https:\/\/irp8.org.br\/revistarepublica\/#website","url":"https:\/\/irp8.org.br\/revistarepublica\/","name":"Portal Revista Republica","description":"","publisher":{"@id":"https:\/\/irp8.org.br\/revistarepublica\/#organization"},"potentialAction":[{"@type":"SearchAction","target":{"@type":"EntryPoint","urlTemplate":"https:\/\/irp8.org.br\/revistarepublica\/?s={search_term_string}"},"query-input":"required name=search_term_string"}],"inLanguage":"pt-BR"},{"@type":"ImageObject","@id":"https:\/\/irp8.org.br\/revistarepublica\/edicoes-anteriores\/#primaryimage","inLanguage":"pt-BR","url":"http:\/\/irp8.org.br\/revistarepublica\/wp-content\/uploads\/2016\/03\/pdf.png","contentUrl":"http:\/\/irp8.org.br\/revistarepublica\/wp-content\/uploads\/2016\/03\/pdf.png"},{"@type":"WebPage","@id":"https:\/\/irp8.org.br\/revistarepublica\/edicoes-anteriores\/#webpage","url":"https:\/\/irp8.org.br\/revistarepublica\/edicoes-anteriores\/","name":"Edi\u00e7\u00f5es Anteriores - Portal Revista Republica","isPartOf":{"@id":"https:\/\/irp8.org.br\/revistarepublica\/#website"},"primaryImageOfPage":{"@id":"https:\/\/irp8.org.br\/revistarepublica\/edicoes-anteriores\/#primaryimage"},"datePublished":"2016-03-29T21:37:02+00:00","dateModified":"2020-05-27T15:48:52+00:00","breadcrumb":{"@id":"https:\/\/irp8.org.br\/revistarepublica\/edicoes-anteriores\/#breadcrumb"},"inLanguage":"pt-BR","potentialAction":[{"@type":"ReadAction","target":["https:\/\/irp8.org.br\/revistarepublica\/edicoes-anteriores\/"]}]},{"@type":"BreadcrumbList","@id":"https:\/\/irp8.org.br\/revistarepublica\/edicoes-anteriores\/#breadcrumb","itemListElement":[{"@type":"ListItem","position":1,"name":"In\u00edcio","item":"https:\/\/irp8.org.br\/revistarepublica\/"},{"@type":"ListItem","position":2,"name":"Edi\u00e7\u00f5es Anteriores"}]}]}},"_links":{"self":[{"href":"https:\/\/irp8.org.br\/revistarepublica\/wp-json\/wp\/v2\/pages\/619"}],"collection":[{"href":"https:\/\/irp8.org.br\/revistarepublica\/wp-json\/wp\/v2\/pages"}],"about":[{"href":"https:\/\/irp8.org.br\/revistarepublica\/wp-json\/wp\/v2\/types\/page"}],"author":[{"embeddable":true,"href":"https:\/\/irp8.org.br\/revistarepublica\/wp-json\/wp\/v2\/users\/1"}],"replies":[{"embeddable":true,"href":"https:\/\/irp8.org.br\/revistarepublica\/wp-json\/wp\/v2\/comments?post=619"}],"version-history":[{"count":79,"href":"https:\/\/irp8.org.br\/revistarepublica\/wp-json\/wp\/v2\/pages\/619\/revisions"}],"predecessor-version":[{"id":2178,"href":"https:\/\/irp8.org.br\/revistarepublica\/wp-json\/wp\/v2\/pages\/619\/revisions\/2178"}],"wp:attachment":[{"href":"https:\/\/irp8.org.br\/revistarepublica\/wp-json\/wp\/v2\/media?parent=619"}],"curies":[{"name":"wp","href":"https:\/\/api.w.org\/{rel}","templated":true}]}}