{"id":866,"date":"2016-04-11T20:53:51","date_gmt":"2016-04-11T20:53:51","guid":{"rendered":"http:\/\/irp8.org.br\/revistarepublica\/?page_id=866"},"modified":"2020-05-27T15:59:34","modified_gmt":"2020-05-27T15:59:34","slug":"quem-somos","status":"publish","type":"page","link":"https:\/\/irp8.org.br\/revistarepublica\/quem-somos\/","title":{"rendered":"Quem Somos"},"content":{"rendered":"<p style=\"text-align: justify;\">Revista Rep\u00fablica \u00e9 uma publica\u00e7\u00e3o voltada \u00e0 dissemina\u00e7\u00e3o de boas pr\u00e1ticas e iniciativas bem-sucedidas em prefeituras e entes p\u00fablicos de todo o Brasil, por meio da divulga\u00e7\u00e3o de cases em administra\u00e7\u00e3o e pol\u00edticas p\u00fablicas exemplares. Revista Rep\u00fablica \u00e9 ferramenta indispens\u00e1vel para gestores que buscam refer\u00eancias de sucesso em \u00e1reas como Sa\u00fade, Seguran\u00e7a, Educa\u00e7\u00e3o, Desenvolvimento Urbano e Econ\u00f4mico, Gest\u00e3o P\u00fablica, entre outras.\u00a0<u><\/u><u><\/u><\/p>\n<p style=\"text-align: justify;\">Em dezembro de 2011 a Revista Rep\u00fablica lan\u00e7ou sua primeira edi\u00e7\u00e3o com circula\u00e7\u00e3o no Grande ABC Paulista, em janeiro de 2016 ampliou seu raio de a\u00e7\u00e3o marcada pelo foco editorial nos cases de governan\u00e7a p\u00fablica, estendendo sua \u00e1rea de alcance e influ\u00eancia para todo territ\u00f3rio nacional. Isso significa que os 5.570 munic\u00edpios brasileiros passaram a integrar o campo de abrang\u00eancia da Revista. Assim, gestores p\u00fablicos de todo Pa\u00eds encontram reportagens e conte\u00fados que os inspiram no desenvolvimento de programas de pol\u00edticas p\u00fablicas capazes de fazer a diferen\u00e7a no dia-a-dia das administra\u00e7\u00f5es locais.\u00a0 \u00a0<u><\/u><u><\/u><\/p>\n<p style=\"text-align: justify;\">Tais iniciativas produzem ganhos de qualidade e efici\u00eancia no investimento p\u00fablico, na medida em que os gestores tomam contato com modelos de a\u00e7\u00f5es e projetos inusitados, implementados pelos quatro cantos do pa\u00eds, podendo replic\u00e1-los e, ao mesmo tempo, melhorando a percep\u00e7\u00e3o dos usu\u00e1rios acerca dos servi\u00e7os oferecidos.\u00a0Da\u00ed a import\u00e2ncia da divulga\u00e7\u00e3o de bons cases de governan\u00e7a p\u00fablica, nos n\u00edveis municipal, nacional e internacional, pois acreditamos que o mundo \u00e9 o limite na busca de refer\u00eancias.<\/p>\n<hr \/>\n<p style=\"text-align: justify;\"><strong><br \/>\n<img loading=\"lazy\" src=\"https:\/\/irp8.org.br\/revistarepublica\/wp-content\/uploads\/2016\/04\/phone.png\" alt=\"\" width=\"12\" height=\"12\" \/>\u00a0\u200e+55 11-4432.2685<br \/>\n<img loading=\"lazy\" src=\"https:\/\/irp8.org.br\/revistarepublica\/wp-content\/uploads\/2016\/04\/phone.png\" alt=\"\" width=\"12\" height=\"12\" \/>\u00a0WhatsApp: +55\u00a011-97564.6830<br \/>\n<img loading=\"lazy\" src=\"https:\/\/irp8.org.br\/revistarepublica\/wp-content\/uploads\/2016\/04\/icon_email.png\" alt=\"\" width=\"12\" height=\"12\" \/>\u00a0<a href=\"mailto:contato@revistarepublica.com.br\" target=\"_blank\" rel=\"noopener noreferrer\">contato@revistarepublica.com.br<\/a><a title=\"Contato\" href=\"mailto:contato@revistarepublica.com.br\" target=\"_blank\" rel=\"noopener noreferrer\"><br \/>\n<\/a>\u00a0<img loading=\"lazy\" src=\"https:\/\/irp8.org.br\/revistarepublica\/wp-content\/uploads\/2016\/04\/icon_email.png\" alt=\"\" width=\"12\" height=\"12\" \/>\u00a0<a href=\"mailto:comercial@revistarepublica.com.br\" target=\"_blank\" rel=\"noopener noreferrer\">comercial@revistarepublica.com.br<\/a><a title=\"Comercial\" href=\"mailto:comercial@revistarepublica.com.br\" target=\"_blank\" rel=\"noopener noreferrer\"><br \/>\n<\/a>\u00a0<img loading=\"lazy\" src=\"https:\/\/irp8.org.br\/revistarepublica\/wp-content\/uploads\/2016\/04\/icon_email.png\" alt=\"\" width=\"12\" height=\"12\" \/>\u00a0<a href=\"mailto:redacao@revistarepublica.com.br\" target=\"_blank\" rel=\"noopener noreferrer\">redacao@revistarepublica.com.br<\/a><br \/>\n<\/strong><\/p>\n","protected":false},"excerpt":{"rendered":"<p>Revista Rep\u00fablica \u00e9 uma publica\u00e7\u00e3o voltada \u00e0 dissemina\u00e7\u00e3o de boas pr\u00e1ticas e iniciativas bem-sucedidas em prefeituras e entes p\u00fablicos de todo o Brasil, por meio &#8230;<\/p>\n","protected":false},"author":1,"featured_media":0,"parent":0,"menu_order":0,"comment_status":"closed","ping_status":"closed","template":"","meta":[],"yoast_head":"<!-- This site is optimized with the Yoast SEO plugin v17.2 - https:\/\/yoast.com\/wordpress\/plugins\/seo\/ -->\n<meta name=\"robots\" content=\"index, follow, max-snippet:-1, max-image-preview:large, max-video-preview:-1\" \/>\n<link rel=\"canonical\" href=\"https:\/\/irp8.org.br\/revistarepublica\/quem-somos\/\" \/>\n<meta property=\"og:locale\" content=\"pt_BR\" \/>\n<meta property=\"og:type\" content=\"article\" \/>\n<meta property=\"og:title\" content=\"Quem Somos - Portal Revista Republica\" \/>\n<meta property=\"og:description\" content=\"Revista Rep\u00fablica \u00e9 uma publica\u00e7\u00e3o voltada \u00e0 dissemina\u00e7\u00e3o de boas pr\u00e1ticas e iniciativas bem-sucedidas em prefeituras e entes p\u00fablicos de todo o Brasil, por meio ...\" \/>\n<meta property=\"og:url\" content=\"https:\/\/irp8.org.br\/revistarepublica\/quem-somos\/\" \/>\n<meta property=\"og:site_name\" content=\"Portal Revista Republica\" \/>\n<meta property=\"article:publisher\" content=\"https:\/\/www.facebook.com\/tvrepublicaerevistarepublica\" \/>\n<meta property=\"article:modified_time\" content=\"2020-05-27T15:59:34+00:00\" \/>\n<meta property=\"og:image\" content=\"https:\/\/irp8.org.br\/revistarepublica\/wp-content\/uploads\/2016\/04\/phone.png\" \/>\n<meta name=\"twitter:card\" content=\"summary\" \/>\n<meta name=\"twitter:site\" content=\"@TVRevistaRepbl1\" \/>\n<meta name=\"twitter:label1\" content=\"Est. tempo de leitura\" \/>\n\t<meta name=\"twitter:data1\" content=\"1 minuto\" \/>\n<script type=\"application\/ld+json\" class=\"yoast-schema-graph\">{\"@context\":\"https:\/\/schema.org\",\"@graph\":[{\"@type\":\"Organization\",\"@id\":\"https:\/\/irp8.org.br\/revistarepublica\/#organization\",\"name\":\"Revista Rep\\u00fablica\",\"url\":\"https:\/\/irp8.org.br\/revistarepublica\/\",\"sameAs\":[\"https:\/\/www.facebook.com\/tvrepublicaerevistarepublica\",\"https:\/\/www.instagram.com\/tverevistarepublica\/\",\"https:\/\/www.linkedin.com\/in\/tv-e-revista-rep\\u00fablica-01167857\/\",\"https:\/\/www.youtube.com\/channel\/UCLVU-qsW_mLpLTdVGZE-baA?view_as=subscriber\",\"https:\/\/twitter.com\/TVRevistaRepbl1\"],\"logo\":{\"@type\":\"ImageObject\",\"@id\":\"https:\/\/irp8.org.br\/revistarepublica\/#logo\",\"inLanguage\":\"pt-BR\",\"url\":\"https:\/\/irp8.org.br\/revistarepublica\/wp-content\/uploads\/2016\/04\/logo_site-1.png\",\"contentUrl\":\"https:\/\/irp8.org.br\/revistarepublica\/wp-content\/uploads\/2016\/04\/logo_site-1.png\",\"width\":271,\"height\":105,\"caption\":\"Revista Rep\\u00fablica\"},\"image\":{\"@id\":\"https:\/\/irp8.org.br\/revistarepublica\/#logo\"}},{\"@type\":\"WebSite\",\"@id\":\"https:\/\/irp8.org.br\/revistarepublica\/#website\",\"url\":\"https:\/\/irp8.org.br\/revistarepublica\/\",\"name\":\"Portal Revista Republica\",\"description\":\"\",\"publisher\":{\"@id\":\"https:\/\/irp8.org.br\/revistarepublica\/#organization\"},\"potentialAction\":[{\"@type\":\"SearchAction\",\"target\":{\"@type\":\"EntryPoint\",\"urlTemplate\":\"https:\/\/irp8.org.br\/revistarepublica\/?s={search_term_string}\"},\"query-input\":\"required name=search_term_string\"}],\"inLanguage\":\"pt-BR\"},{\"@type\":\"ImageObject\",\"@id\":\"https:\/\/irp8.org.br\/revistarepublica\/quem-somos\/#primaryimage\",\"inLanguage\":\"pt-BR\",\"url\":\"https:\/\/irp8.org.br\/revistarepublica\/wp-content\/uploads\/2016\/04\/phone.png\",\"contentUrl\":\"https:\/\/irp8.org.br\/revistarepublica\/wp-content\/uploads\/2016\/04\/phone.png\",\"width\":128,\"height\":128},{\"@type\":\"WebPage\",\"@id\":\"https:\/\/irp8.org.br\/revistarepublica\/quem-somos\/#webpage\",\"url\":\"https:\/\/irp8.org.br\/revistarepublica\/quem-somos\/\",\"name\":\"Quem Somos - Portal Revista Republica\",\"isPartOf\":{\"@id\":\"https:\/\/irp8.org.br\/revistarepublica\/#website\"},\"primaryImageOfPage\":{\"@id\":\"https:\/\/irp8.org.br\/revistarepublica\/quem-somos\/#primaryimage\"},\"datePublished\":\"2016-04-11T20:53:51+00:00\",\"dateModified\":\"2020-05-27T15:59:34+00:00\",\"breadcrumb\":{\"@id\":\"https:\/\/irp8.org.br\/revistarepublica\/quem-somos\/#breadcrumb\"},\"inLanguage\":\"pt-BR\",\"potentialAction\":[{\"@type\":\"ReadAction\",\"target\":[\"https:\/\/irp8.org.br\/revistarepublica\/quem-somos\/\"]}]},{\"@type\":\"BreadcrumbList\",\"@id\":\"https:\/\/irp8.org.br\/revistarepublica\/quem-somos\/#breadcrumb\",\"itemListElement\":[{\"@type\":\"ListItem\",\"position\":1,\"name\":\"In\\u00edcio\",\"item\":\"https:\/\/irp8.org.br\/revistarepublica\/\"},{\"@type\":\"ListItem\",\"position\":2,\"name\":\"Quem Somos\"}]}]}<\/script>\n<!-- \/ Yoast SEO plugin. -->","yoast_head_json":{"robots":{"index":"index","follow":"follow","max-snippet":"max-snippet:-1","max-image-preview":"max-image-preview:large","max-video-preview":"max-video-preview:-1"},"canonical":"https:\/\/irp8.org.br\/revistarepublica\/quem-somos\/","og_locale":"pt_BR","og_type":"article","og_title":"Quem Somos - Portal Revista Republica","og_description":"Revista Rep\u00fablica \u00e9 uma publica\u00e7\u00e3o voltada \u00e0 dissemina\u00e7\u00e3o de boas pr\u00e1ticas e iniciativas bem-sucedidas em prefeituras e entes p\u00fablicos de todo o Brasil, por meio ...","og_url":"https:\/\/irp8.org.br\/revistarepublica\/quem-somos\/","og_site_name":"Portal Revista Republica","article_publisher":"https:\/\/www.facebook.com\/tvrepublicaerevistarepublica","article_modified_time":"2020-05-27T15:59:34+00:00","og_image":[{"url":"https:\/\/irp8.org.br\/revistarepublica\/wp-content\/uploads\/2016\/04\/phone.png"}],"twitter_card":"summary","twitter_site":"@TVRevistaRepbl1","twitter_misc":{"Est. tempo de leitura":"1 minuto"},"schema":{"@context":"https:\/\/schema.org","@graph":[{"@type":"Organization","@id":"https:\/\/irp8.org.br\/revistarepublica\/#organization","name":"Revista Rep\u00fablica","url":"https:\/\/irp8.org.br\/revistarepublica\/","sameAs":["https:\/\/www.facebook.com\/tvrepublicaerevistarepublica","https:\/\/www.instagram.com\/tverevistarepublica\/","https:\/\/www.linkedin.com\/in\/tv-e-revista-rep\u00fablica-01167857\/","https:\/\/www.youtube.com\/channel\/UCLVU-qsW_mLpLTdVGZE-baA?view_as=subscriber","https:\/\/twitter.com\/TVRevistaRepbl1"],"logo":{"@type":"ImageObject","@id":"https:\/\/irp8.org.br\/revistarepublica\/#logo","inLanguage":"pt-BR","url":"https:\/\/irp8.org.br\/revistarepublica\/wp-content\/uploads\/2016\/04\/logo_site-1.png","contentUrl":"https:\/\/irp8.org.br\/revistarepublica\/wp-content\/uploads\/2016\/04\/logo_site-1.png","width":271,"height":105,"caption":"Revista Rep\u00fablica"},"image":{"@id":"https:\/\/irp8.org.br\/revistarepublica\/#logo"}},{"@type":"WebSite","@id":"https:\/\/irp8.org.br\/revistarepublica\/#website","url":"https:\/\/irp8.org.br\/revistarepublica\/","name":"Portal Revista Republica","description":"","publisher":{"@id":"https:\/\/irp8.org.br\/revistarepublica\/#organization"},"potentialAction":[{"@type":"SearchAction","target":{"@type":"EntryPoint","urlTemplate":"https:\/\/irp8.org.br\/revistarepublica\/?s={search_term_string}"},"query-input":"required name=search_term_string"}],"inLanguage":"pt-BR"},{"@type":"ImageObject","@id":"https:\/\/irp8.org.br\/revistarepublica\/quem-somos\/#primaryimage","inLanguage":"pt-BR","url":"https:\/\/irp8.org.br\/revistarepublica\/wp-content\/uploads\/2016\/04\/phone.png","contentUrl":"https:\/\/irp8.org.br\/revistarepublica\/wp-content\/uploads\/2016\/04\/phone.png","width":128,"height":128},{"@type":"WebPage","@id":"https:\/\/irp8.org.br\/revistarepublica\/quem-somos\/#webpage","url":"https:\/\/irp8.org.br\/revistarepublica\/quem-somos\/","name":"Quem Somos - Portal Revista Republica","isPartOf":{"@id":"https:\/\/irp8.org.br\/revistarepublica\/#website"},"primaryImageOfPage":{"@id":"https:\/\/irp8.org.br\/revistarepublica\/quem-somos\/#primaryimage"},"datePublished":"2016-04-11T20:53:51+00:00","dateModified":"2020-05-27T15:59:34+00:00","breadcrumb":{"@id":"https:\/\/irp8.org.br\/revistarepublica\/quem-somos\/#breadcrumb"},"inLanguage":"pt-BR","potentialAction":[{"@type":"ReadAction","target":["https:\/\/irp8.org.br\/revistarepublica\/quem-somos\/"]}]},{"@type":"BreadcrumbList","@id":"https:\/\/irp8.org.br\/revistarepublica\/quem-somos\/#breadcrumb","itemListElement":[{"@type":"ListItem","position":1,"name":"In\u00edcio","item":"https:\/\/irp8.org.br\/revistarepublica\/"},{"@type":"ListItem","position":2,"name":"Quem Somos"}]}]}},"_links":{"self":[{"href":"https:\/\/irp8.org.br\/revistarepublica\/wp-json\/wp\/v2\/pages\/866"}],"collection":[{"href":"https:\/\/irp8.org.br\/revistarepublica\/wp-json\/wp\/v2\/pages"}],"about":[{"href":"https:\/\/irp8.org.br\/revistarepublica\/wp-json\/wp\/v2\/types\/page"}],"author":[{"embeddable":true,"href":"https:\/\/irp8.org.br\/revistarepublica\/wp-json\/wp\/v2\/users\/1"}],"replies":[{"embeddable":true,"href":"https:\/\/irp8.org.br\/revistarepublica\/wp-json\/wp\/v2\/comments?post=866"}],"version-history":[{"count":17,"href":"https:\/\/irp8.org.br\/revistarepublica\/wp-json\/wp\/v2\/pages\/866\/revisions"}],"predecessor-version":[{"id":2181,"href":"https:\/\/irp8.org.br\/revistarepublica\/wp-json\/wp\/v2\/pages\/866\/revisions\/2181"}],"wp:attachment":[{"href":"https:\/\/irp8.org.br\/revistarepublica\/wp-json\/wp\/v2\/media?parent=866"}],"curies":[{"name":"wp","href":"https:\/\/api.w.org\/{rel}","templated":true}]}}